git of 651?
6
What is the units digit of 13909?
9
What is the thousands digit of 4614?
4
What is the units digit of 3670?
0
What is the units digit of 2720?
0
What is the thousands digit of 14002?
4
What is the tens digit of 209?
0
What is the hundreds digit of 981?
9
What is the units digit of 1113?
3
What is the hundreds digit of 8467?
4
What is the thousands digit of 8978?
8
What is the ten thousands digit of 19896?
1
What is the hundreds digit of 14460?
4
What is the units digit of 3095?
5
What is the hundreds digit of 3591?
5
What is the thousands digit of 34524?
4
What is the thousands digit of 1799?
1
What is the tens digit of 7484?
8
What is the hundreds digit of 75910?
9
What is the units digit of 372?
2
What is the tens digit of 1746?
4
What is the hundreds digit of 257?
2
What is the tens digit of 1503?
0
What is the hundred thousands digit of 203041?
2
What is the thousands digit of 56799?
6
What is the tens digit of 26657?
5
What is the tens digit of 5022?
2
What is the ten thousands digit of 74463?
7
What is the tens digit of 3102?
0
What is the units digit of 1256?
6
What is the units digit of 3281?
1
What is the tens digit of 1521?
2
What is the hundreds digit of 829?
8
What is the tens digit of 44?
4
What is the tens digit of 1604?
0
What is the hundred thousands digit of 156503?
1
What is the ten thousands digit of 17020?
1
What is the tens digit of 2998?
9
What is the tens digit of 4190?
9
What is the thousands digit of 1871?
1
What is the tens digit of 12615?
1
What is the units digit of 11306?
6
What is the units digit of 763?
3
What is the units digit of 10?
0
What is the tens digit of 9260?
6
What is the thousands digit of 5009?
5
What is the hundred thousands digit of 116788?
1
What is the thousands digit of 21958?
1
What is the units digit of 1118?
8
What is the thousands digit of 3274?
3
What is the hundreds digit of 22422?
4
What is the tens digit of 35218?
1
What is the hundreds digit of 2178?
1
What is the units digit of 2543?
3
What is the thousands digit of 67655?
7
What is the thousands digit of 5076?
5
What is the thousands digit of 19630?
9
What is the units digit of 15079?
9
What is the units digit of 39192?
2
What is the units digit of 548?
8
What is the thousands digit of 47674?
7
What is the tens digit of 5566?
6
What is the units digit of 113045?
5
What is the tens digit of 77688?
8
What is the thousands digit of 53756?
3
What is the units digit of 5332?
2
What is the tens digit of 1782?
8
What is the units digit of 1904?
4
What is the units digit of 1952?
2
What is the hundreds digit of 13068?
0
What is the units digit of 131833?
3
What is the units digit of 58?
8
What is the units digit of 8?
8
What is the tens digit of 1077?
7
What is the tens digit of 4466?
6
What is the hundreds digit of 733?
7
What is the units digit of 152490?
0
What is the hundreds digit of 699?
6
What is the units digit of 904?
4
What is the hundreds digit of 1078?
0
What is the thousands digit of 7692?
7
What is the tens digit of 542?
4
What is the hundreds digit of 929?
9
What is the hundreds digit of 2097?
0
What is the units digit of 21505?
5
What is the thousands digit of 35624?
5
What is the units digit of 1748?
8
What is the tens digit of 130?
3
What is the thousands digit of 50393?
0
What is the hundreds digit of 5163?
1
What is the units digit of 1776?
6
What is the tens digit of 37948?
4
What is the units digit of 600?
0
What is the hundreds digit of 359?
3
What is the tens digit of 1548?
4
What is the units digit of 8175?
5
What is the thousands digit of 11826?
1
What is the units digit of 319?
9
What is the thousands digit of 2974?
2
What is the hundreds digit of 1369?
3
What is the thousands digit of 8534?
8
What is the tens digit of 5528?
2
What is the units digit of 43696?
6
What is the hundreds digit of 87550?
5
What is the thousands digit of 41406?
1
What is the units digit of 16885?
5
What is the hundreds digit of 1778?
7
What is the units digit of 24828?
8
What is the tens digit of 2907?
0
What is the hundreds digit of 92138?
1
What is the units digit of 199?
9
What is the units digit of 612?
2
What is the tens digit of 6645?
4
What is the thousands digit of 1820?
1
What is the units digit of 12117?
7
What is the hundreds digit of 1791?
7
What is the units digit of 9541?
1
What is the units digit of 6709?
9
What is the units digit of 21850?
0
What is the thousands digit of 4616?
4
What is the tens digit of 21156?
5
What is the hundreds digit of 1464?
4
What is the tens digit of 2320?
2
What is the hundreds digit of 5813?
8
What is the hundreds digit of 241?
2
What is the thousands digit of 57160?
7
What is the thousands digit of 4588?
4
What is the units digit of 1409?
9
What is the units digit of 167019?
9
What is the units digit of 6717?
7
What is the hundreds digit of 556?
5
What is the tens digit of 881?
8
What is the hundreds digit of 301?
3
What is the thousands digit of 20175?
0
What is the units digit of 27833?
3
What is the hundreds digit of 527?
5
What is the tens digit of 536?
3
What is the thousands digit of 26401?
6
What is the units digit of 1449?
9
What is the tens digit of 5770?
7
What is the hundreds digit of 32924?
9
What is the hundreds digit of 637?
6
What is the tens digit of 1441?
4
What is the units digit of 1183?
3
What is the hundreds digit of 822?
8
What is the hundreds digit of 1494?
4
What is the units digit of 21117?
7
What is the hundreds digit of 9749?
7
What is the tens digit of 1530?
3
What is the units digit of 2678?
8
What is the ten thousands digit of 10410?
1
What is the tens digit of 7006?
0
What is the hundreds digit of 4903?
9
What is the hundreds digit of 68041?
0
What is the tens digit of 11413?
1
What is the tens digit of 1488?
8
What is the ten thousands digit of 78110?
7
What is the units digit of 1208?
8
What is the units digit of 48886?
6
What is the hundreds digit of 482?
4
What is the hundreds digit of 981?
9
What is the units digit of 2501?
1
What is the tens digit of 1287?
8
What is the hundreds digit of 10884?
8
What is the units digit of 2124?
4
What is the tens digit of 185475?
7
What is the ten thousands digit of 54902?
5
What is the tens digit of 918?
1
What is the units digit of 174915?
5
What is the tens digit of 685?
8
What is the hundreds digit of 3380?
3
What is the ten thousands digit of 17452?
1
What is the hundreds digit of 15781?
7
What is the tens digit of 3118?
1
What is the units digit of 2641?
1
What is the units digit of 73194?
4
What is the tens digit of 5412?
1
What is the ten thousands digit of 24487?
2
What is the thousands digit of 95049?
5
What is the thousands digit of 9800?
9
What is the thousands digit of 1795?
1
What is the units digit of 877?
7
What is the tens digit of 726?
2
What is the tens digit of 61728?
2
What is the ten thousands digit of 19568?
1
What is the units digit of 1752?
2
What is the units digit of 22044?
4
What is the tens digit of 335?
3
What is the thousands digit of 8202?
8
What is the thousands digit of 26381?
6
What is the thousands digit of 2431?
2
What is the hundreds digit of 7486?
4
What is the units digit of 272?
2
What is the units digit of 273?
3
What is the ten thousands digit of 15928?
1
What is the units digit of 25956?
6
What is the ten thousands digit of 37379?
3
What is the tens digit of 75?
7
What is the units digit of 2828?
8
What is the tens digit of 17143?
4
What is the tens digit of 1374?
7
What is the hundreds digit of 18578?
5
What is the hundreds digit of 3088?
0
What is the tens digit of 1689?
8
What is the thousands digit of 4819?
4
What is the hundreds digit of 125919?
9
What is the ten thousands digit of 37174?
3
What is the hundreds digit of 35953?
9
What is the hundreds digit of 982?
9
What is the units digit of 16311?
1
What is the tens digit of 7377?
7
What is the hundreds digit of 9743?
7
What is the tens digit of 9407?
0
What is the units digit of 28489?
9
What is the tens digit of 805?
0
What is the units digit of 263?
3
What is the thousands digit of 2750?
2
What is the tens digit of 1913?
1
What is the thousands digit of 6018?
6
What is the tens digit of 8347?
4
What is the tens digit of 1241?
4
What is the hundreds digit of 4083?
0
What is the tens digit of 4046?
4
What